 m(d) = -d**3 - 3. Let y be m(0). Let a be y/6 + 218/4. What is the greatest common factor of 36 and a?
18
Let f be 140/(-49)*(-14)/4. Let r be (-2)/f - 164/(-20). Calculate the greatest common factor of r and 12.
4
Let v = 1609 + -960. What is the greatest common divisor of 44 and v?
11
Let k = -424 - -522. Calculate the highest common divisor of k and 28.
14
Let g = -33 + 54. Suppose -5*m + 4*j = 62, j - 34 = 2*m + 4*j. Let a = 17 + m. What is the highest common divisor of g and a?
3
Suppose 0 = -3*y + 2*d + 1655, -4*y = -d - 3*d - 2200. Suppose 22*w - 27*w = -y. Calculate the greatest common factor of w and 37.
37
Suppose 10*k - 7*k - 166 = -4*b, 2*k - 4 = 0. Calculate the highest common factor of 60 and b.
20
Let x = 706 - 703. Calculate the highest common factor of x and 33.
3
Let h be (-6)/4 + (-99)/(-6). Calculate the highest common factor of 615 and h.
15
Suppose 3*l - 280 = -5*m, 3*l + 2*l + 112 = 2*m. What is the greatest common divisor of 84 and m?
28
Suppose 0 = -2*s + 50 - 0. Calculate the highest common factor of 5 and s.
5
Suppose -263 - 777 = -5*a. What is the highest common factor of a and 52?
52
Let r(o) = o + 17 + 3*o - 2*o. Let i be r(-4). What is the greatest common divisor of i and 36?
9
Let j(o) = 55*o + 493. Let g be j(-7). Calculate the greatest common factor of g and 60.
12
Let m(i) = i. Let d(v) = v**2 - 7*v. Let y(b) = 2*d(b) + 18*m(b). Let c be y(3). What is the greatest common factor of 15 and c?
15
Let m = 604 - 481. What is the greatest common divisor of 287 and m?
41
Let y(j) = j**3 - 16*j**2 + 12. Let d be y(16). Suppose 52*v = 48*v + d. What is the highest common divisor of v and 12?
3
Let u(j) = 73*j**2 + 5*j - 6. Let o be u(1). Let b be (-2)/2*-2*1. Suppose b*n = o + 68. What is the greatest common divisor of 14 and n?
14
Let g(k) = 23*k**3 - 2*k**2 + 2*k + 1. Let f be g(1). Suppose f - 94 = -5*r. What is the greatest common divisor of 42 and r?
14
Suppose -3*n = 2*f - 35, f - 20 = 4*n - 3*n. Calculate the greatest common divisor of 475 and f.
19
Let p(u) = -u**3 - 7*u**2 + 4*u - 5. Let n be p(-8). Let l = n + -19. Suppose 2*q - s = 63, -q - s + l = -28. Calculate the highest common factor of q and 11.
11
Let v be 4 - 2/2*-17. Let k be 27/2 + v/14. Calculate the highest common divisor of k and 5.
5
Suppose -4*o - 4*i = 12, i + 13 = 5*o - o. Suppose -2*j - o*v + 7*v = -160, 3*j - v = 240. Calculate the greatest common factor of 32 and j.
16
Suppose -5*l - 2*h = -579, 243 = 2*l - 3*h - 0*h. Calculate the greatest common divisor of l and 27.
9
Let k(w) = -22*w**3 - 2*w**2 - w - 3. Let j be k(-3). Let q = j + -365. Let r be -8 - -5 - q/(-1). Calculate the highest common divisor of r and 26.
26
Suppose -2*c - 5 = 3*o + 10, -20 = 2*c - 2*o. Let n be ((-6)/c)/(2/528). Calculate the highest common factor of 22 and n.
22
Let v be ((-38)/(-1))/((-110)/(-165)). What is the greatest common divisor of v and 38?
19
Let o = -102 - -118. Calculate the greatest common divisor of 272 and o.
16
Let y = -29 + 31. Suppose 0 = 5*b - b - 5*m + 12, -4*b + 2*m = 0. Calculate the highest common divisor of y and b.
2
Let n = 167 - 155. What is the highest common divisor of 78 and n?
6
Suppose 5*v - 5 = 0, -6*l + 80 = -l + 5*v. Calculate the highest common factor of 135 and l.
15
Let w(c) = c**2 - 4*c - 3. Let h be w(3). Let v be (30/(-4))/(3/h). Let g = 7 - 4. What is the greatest common factor of g and v?
3
Let p = -15 + 20. Suppose 0 = -41*y + 42*y - p. Suppose -5 = w, -y*n - w - w = -95. Calculate the highest common factor of n and 7.
7
Let w(b) = b**3 - 2*b**2 - 7*b + 15. Let z be w(6). Let l be -2*z/(-6) - -3. Let g be 12/l + 486/14. Calculate the greatest common divisor of 14 and g.
7
Suppose -144*u = -165*u + 42. Let v be (1 + 0)/(3/6). Calculate the greatest common factor of u and v.
2
Let c(i) = i**3 + 7*i**2 - 4*i - 1. Let n be c(2). Let o(r) = -297*r. Let g be o(-1). What is the highest common divisor of n and g?
27
Let g(a) be the third derivative of 89*a**4/24 - 2*a**3/3 - 3*a**2. Let m be g(1). Calculate the highest common factor of 34 and m.
17
Suppose 0 = -3*u + 4*u - 2. Suppose -u*i = -3*i + 50. Let z = i + -28. What is the greatest common factor of 88 and z?
22
Let z = 17 - -103. Suppose 21 = -2*q + 51. What is the greatest common factor of z and q?
15
Let q = 126 + -111. What is the greatest common divisor of q and 570?
15
Suppose r + 69 = 4*r. Suppose r = 9*z - 22. Calculate the greatest common divisor of z and 55.
5
Let b = 19 + -19. Let r(j) = -j**2 - j + 10. Let n be r(b). Suppose -d + 48 = -4*g, 5*d - g + 38 = 6*d. What is the greatest common divisor of d and n?
10
Let p be (-1 + -28)*-3 + -2. Let f = 206 - p. Suppose -5*a = -2*q + 12, 9*q = 8*q - 4*a + 19. What is the highest common divisor of f and q?
11
Let x(t) = t**2 - 7. Let l be x(-4). Suppose -4*y + n + 141 = 0, 5*y - y = 3*n + 135. What is the highest common divisor of y and l?
9
Suppose -12 = -0*a + 6*a. Let t be (a/(-4))/((-3)/(-102)). Suppose 66 = 4*u - 478. What is the greatest common factor of t and u?
17
Suppose -11*g + 2018 - 1996 = 0. Calculate the greatest common factor of g and 116.
2
Let j be (-25 - (-5 - -3)) + -1. Let s = -24 - j. Suppose -6*l + 80 = 3*i - l, s = 4*i - 3*l - 126. What is the highest common factor of 20 and i?
10
Let c = -156 - -50. Let z = c - -113. What is the highest common divisor of 56 and z?
7
Suppose -o - 3*w + 4 = 0, 0 = -3*o - w - 20. Let b(s) = -s**3 - 9*s**2 - 11*s + 6. Let d be b(o). Calculate the greatest common factor of 6 and d.
6
Suppose -180 = 5*i + 5*n - 810, 5 = 5*n. Calculate the highest common divisor of i and 625.
125
Let f = -183 - -211. Let h = 9 + -5. Calculate the highest common factor of f and h.
4
Let f(b) = b**2 + 10*b + 23. Let u be f(-7). Let r be (13 + -7 - 4)/(u/17). What is the highest common divisor of 17 and r?
17
Let m be 2/(-10) - 208/(-65). Let j be (1254/(-95))/(m/(-20)). Calculate the greatest common factor of j and 8.
8
Let a be (-4)/(-6)*-3 + 26. Suppose 2*m = h - 158, 825 = 6*h - h - 3*m. What is the highest common factor of h and a?
24
Suppose 0 = -h + 3*g + 87, 2 = -g - 1. Calculate the greatest common divisor of h and 26.
26
Suppose -s - 2*s = -9. Suppose s*m - 16 = -m, -2*b - 5*m + 202 = 0. Let p(i) = -5*i - 22. Let d be p(-7). What is the greatest common divisor of d and b?
13
Let a(y) = 3*y**2 - 9*y + 10. Let c(j) = -j**2 + 1. Let i(t) = -a(t) - 2*c(t). Let z be i(5). Calculate the highest common factor of z and 72.
8
Let h(d) = -d**3 - 11*d**2 + 4*d - 17. Let b be h(-12). Let a = -35 + b. Suppose 4*y - 55 = -y. What is the highest common divisor of a and y?
11
Let g be 2/2 - (-114)/(-6). Let l(h) = h**2 + 7*h + 2. Let s be l(g). Calculate the highest common factor of 25 and s.
25
Let m = 650 + -585. Calculate the highest common factor of m and 91.
13
Suppose -w + 5*w - 44 = 0. Suppose z = -w - 11. Let g = 30 + z. Calculate the highest common factor of g and 8.
8
Let v be (30/(15/3))/(-2). Let x = 12 - v. Calculate the highest common factor of x and 15.
15
Let p be 21/9*288/1. Let k be (280/4)/7 + -2 + -3. Suppose -5*y - 20 = 0, 3*y + p = -c + k*c. Calculate the highest common divisor of c and 15.
15
Suppose 2*k - 7 = 3*o, 4*o = -k + o + 8. Suppose 2*m = -4*p - 49 + 153, 293 = k*m - p. What is the greatest common divisor of m and 87?
29
Let n(k) = -k**3 + 16*k**2 + 14*k - 11. Let z be n(17). Let w be (-4)/2 - z/2. Calculate the greatest common factor of w and 29.
29
Suppose -5*u - 7 = 2*p, -2*u = -u + 5*p + 6. Let m be (-11 + (-3)/1)*u. What is the greatest common divisor of 28 and m?
14
Let i(u) = 7*u**2 - 6*u + 10. Let l be i(3). Let v = -28 + l. What is the greatest common factor of v and 3?
3
Let p(n) = 2*n - 4. Let b be p(20). What is the highest common divisor of b and 288?
36
Suppose -q - 2*v + 745 = 0, -5*v = -2*v - 6. Suppose 4*h + q = 5*b, 2*h + 560 = 4*b + 7*h. Calculate the highest common factor of 29 and b.
29
Let t be (7 + 550/(-30))/(3/(-72)). What is the highest common divisor of t and 17?
17
Suppose -481 = -2*k + 7*k - 2*r, 0 = -5*k - 5*r - 495. Let t be (63/84)/(k/(-96) - 1). What is the highest common factor of t and 8?
8
Let b be 81/36 + (-1)/4. What is the greatest common divisor of 17 and b?
1
Suppose 0 = -q + 4*q - 2*f - 52, 4*f - 56 = -2*q. Let 